its digit of k?
6
Let r(k) = -3*k + 3*k**2 - 2*k**2 - 3*k + 2. Let n(z) = z**3 + 11*z**2 + 10*z + 6. Let o be n(-10). What is the units digit of r(o)?
2
Let k(g) = g**3 + 4*g**2 + 3*g. What is the units digit of k(-2)?
2
Let v be 1*(-6)/(-9)*24. Let h = -10 + v. What is the units digit of h?
6
Suppose 400 = 5*k + 2*f, 2*k - 3*k + 107 = -5*f. What is the tens digit of k?
8
Let v(y) = -y + 4*y - 2*y + 2 + 0*y + 6*y**2. What is the tens digit of v(2)?
2
Let m(w) = -w**2 + 16*w + 5. What is the units digit of m(16)?
5
Let u(j) = 2*j + 8. Let v be u(-6). Let f be 2 - 27/(-3)*v. What is the units digit of 6/(-9) - f/6?
5
Let h be (1 + 0)*(1 - 3). Let z = 7 + h. What is the units digit of z/1*16/20?
4
Let r = -15 - -19. Let h(g) = -g**3 + 5*g**2 - 3. What is the units digit of h(r)?
3
Let z(a) = 12*a + 10*a - 31*a + 9 + 10*a. Suppose 3*h - 21 = -0*h. What is the tens digit of z(h)?
1
Let q(d) = 7*d + 2 + 2 - d**2 + 0. Let g be q(7). Let t = g + -3. What is the units digit of t?
1
Let n = 1 + 0. Let o be ((-5 - -3) + 2)/n. Suppose o = -q + 6 + 2. What is the units digit of q?
8
Let f(w) = 2*w**2 + w + 3. Let m be -3 - (3 - (1 - -2)). Let a be f(m). Suppose 4*q - c - a = 0, 3*c - 6 = -2*q + 2*c. What is the units digit of q?
4
Let f(i) = 0*i + 5 - i**3 - 3*i + 4*i**2 + 5*i**2. What is the units digit of f(8)?
5
Suppose 2 = i + 3. What is the units digit of 2/(-3)*i*15?
0
Let o = -21 + 91. What is the tens digit of o?
7
Suppose -g - 5*w = -3*g + 35, -115 = -3*g - 5*w. What is the tens digit of (48/g)/((-2)/(-25))?
2
Let i(v) = v + 23. What is the units digit of i(-10)?
3
Suppose -12 = 4*t + y - 2*y, 0 = -5*t + y - 16. Let q = 0 - t. What is the units digit of q?
4
Let u = 16 - 5. Suppose 2*p - u = p. What is the units digit of 1/3 + p/3?
4
Let z(g) = -2 - 7*g + 18*g - 3*g. What is the tens digit of z(3)?
2
Suppose -4*z + 23 = 3*x - 2*z, 0 = -2*x + 3*z - 2. Suppose 5*k - 23 + 3 = 0. Suppose -x = k*l - 29. What is the units digit of l?
6
Suppose -4*j - j = 380. What is the units digit of j/(-6) + (-10)/(-30)?
3
Let a = -76 - -127. What is the tens digit of a?
5
Suppose 30 = -6*w + 204. What is the tens digit of w?
2
Suppose 13 = -a + 3*h, -7 + 4 = a - h. Suppose 0 = 3*w + 2*c - 26, -a*w = -7*w - c + 41. What is the units digit of w?
8
Suppose -3*i - 3*y = -36, -3*i - 2*i + 58 = 4*y. What is the tens digit of i?
1
Suppose -46 = -5*o - 216. Let v = 77 + o. What is the units digit of v?
3
What is the tens digit of 6/2 - (-8 + -5)?
1
Let u(o) = 2*o**2 + 4*o + 17. What is the units digit of u(5)?
7
Suppose 2*i + f - 3 = 0, 0*f = 2*i - 2*f - 6. Let a = i + -8. Let c(w) = w + 12. What is the units digit of c(a)?
6
Let t be (3 + 0 + -2)*57. Suppose -y - 2*y = -t. What is the units digit of y?
9
Suppose 44 = 2*i + 2*z, -2*z + 92 = 3*i + 24. What is the tens digit of i?
2
Let i = 207 - -4. Suppose 4*b - i + 75 = 0. What is the units digit of b?
4
Let f(y) be the third derivative of -13*y**4/24 - y**3/6 + y**2. Let x be f(-1). Suppose 4*q = 2*d - x, 0 = d + 3*q - 1 - 0. What is the units digit of d?
4
Suppose 0*d = 2*d - 8. Let v(m) = d*m + 2*m**2 + 2 - 13*m - 3*m**2. What is the units digit of v(-9)?
2
Let z(s) = s - 9. Let g = -4 + 13. Let v be z(g). Suppose v = -5*u + 37 - 7. What is the units digit of u?
6
Suppose 0 = -2*a + 15 + 21. Suppose 2*f - 5*f = -a. What is the units digit of 2*4/6*f?
8
Let v(k) = 4*k**3 + k - 1. Let y be v(1). Let l = 8 - y. What is the units digit of l?
4
Suppose 0 = -6*z + 290 + 376. What is the tens digit of z?
1
Suppose -c + 2*b = -1, 2*b + 4 = 3*c - c. Let v(n) = -3*n**3 + 4 + 3*n**2 - n + n**3 + n**3. What is the units digit of v(c)?
1
Suppose d - 2*s - 23 = 0, 4*s = -4*d + 187 - 59. What is the tens digit of d?
2
Let t be -2 - (0/2 + -6). Suppose -t + 0 = -4*q. What is the units digit of q?
1
Let b(r) = -8*r - 4. What is the tens digit of b(-2)?
1
Let f(z) = -3*z**2 + 1. Let i be f(1). Let q be ((-12)/3)/i - -3. Let r = q - 3. What is the units digit of r?
2
Let u = -11 + 3. Let s = 33 - u. What is the units digit of s?
1
Let z = 6 - 1. Let w = z + 9. What is the tens digit of w?
1
Let h(v) = v**2 - 3*v - 30. What is the units digit of h(-14)?
8
Suppose 8*k - 480 = -2*k. What is the tens digit of k?
4
Suppose 5*b = -3*z + 211, -4*b + 2*b + z + 80 = 0. What is the tens digit of b?
4
Suppose -5*k = 3*v - 1317, -2*v + 530 = 6*k - 4*k. What is the units digit of k?
1
What is the units digit of (-40)/75*-144 - (-12)/(-15)?
6
Let n(x) = x + 0 + x + 3 - 1. Let o be n(2). Suppose o = -0*g + 3*g. What is the units digit of g?
2
Let n = 6 - 3. Suppose 5*p + u - 87 = 0, 43 = n*p - u - 6. What is the tens digit of p?
1
Suppose 183 = 3*j - 186. What is the units digit of j?
3
Let i(d) be the third derivative of d**5/3 + d**4/12 + d**3/6 + 2*d**2. What is the units digit of i(-1)?
9
What is the units digit of (-404)/10*7/(-14)*10?
2
Let u(r) = 29*r + 1. What is the tens digit of u(1)?
3
Suppose 0 = 3*y - x - 269, 2*y + 2*x - 151 = -3*x. What is the units digit of y?
8
Let j = 106 - 36. What is the units digit of j?
0
Let m(w) = w + 39. Suppose -2*p + 3*k + 10 - 4 = 0, -6 = -3*p + 3*k. Let v be m(p). Suppose -v = -4*h - 0*d - 3*d, 48 = 3*h - 4*d. What is the units digit of h?
2
Suppose 7*f = 5*f - 16. Let z(w) = w**2 + 3*w - 10. What is the tens digit of z(f)?
3
What is the tens digit of 4/(-6) - (-154)/6?
2
Suppose c = 4*j + 25, -5*j + 3*j - 4*c + 10 = 0. Let v = j - -5. Suppose 27 = 3*a - v*a. What is the units digit of a?
9
Let j(v) = v - 6. Let w be j(9). Let q be (0/(-2 + -1))/w. Let m = 8 + q. What is the units digit of m?
8
Let p be 128/2 + (-4)/4. Suppose -5*a = -p + 23. Let k = 5 + a. What is the units digit of k?
3
Suppose -4*n - 4 = 4*j + 4, n + 17 = -4*j. Let w(l) = -l + 1. Let s be w(n). Let o(g) = -9*g - 3. What is the units digit of o(s)?
5
Let y(k) = 2*k**3 - 4*k**2 - 7*k - 8. What is the hundreds digit of y(6)?
2
Let i = -19 + 39. What is the units digit of i?
0
Suppose -5*w + 328 = -w. Suppose -p - w = -2*t, 4*p = 2*t - 0*t - 88. What is the units digit of t?
0
Suppose 4*s + 0 + 4 = 0. Suppose -5*d + 27 + 18 = 0. Let n = d + s. What is the units digit of n?
8
Suppose 0 = 4*d - d - 300. What is the units digit of (12/10)/(30/d)?
4
What is the units digit of (15/(-25))/((-1)/15)?
9
Let o be 1 + 0 + -1 + 3. Suppose 28 = -o*z + 2*n, 0 = -2*z + n - 22 + 5. What is the units digit of 0 + -4*3/z?
2
Let f(h) = 8*h + 4. Suppose 0 = 5*a - 14 + 34. Let l be f(a). Let k = l + 43. What is the units digit of k?
5
Let b be (-3 - -6) + 1 + 0. Suppose 0 = -b*v + 2*v + 14. What is the units digit of v?
7
Let w(s) = 5*s**2 + 2*s - 1. What is the units digit of w(-2)?
5
Let j(g) = 4*g - 3. Let o be j(2). Suppose 0 = 4*x + 3*t - 13 - 35, -x - 5 = o*t. What is the units digit of x?
5
Let k be 4/10 + (-154)/10. What is the units digit of 36/k*(0 - 5)?
2
Suppose 4*s - 796 = -208. What is the units digit of s?
7
Let s be (-3)/(-3)*(4 + 1). Suppose 2*f - 5 = s. What is the units digit of f?
5
Suppose 4 = -c + 10. Suppose -w + 4*w + c = 0. Let s = w + 16. What is the units digit of s?
4
Let o = 10 + -2. Let c = -5 + o. Suppose 3*d = 36 + c. What is the units digit of d?
3
Suppose 3*o + 2*o = 0. What is the tens digit of (12/4 - o)*7?
2
Suppose q + 4*p = -22, -2*q + p - 47 = 3*q. Let o = q + 28. What is the units digit of o/4*(-6)/(-9)?
3
Suppose -57 = -5*g - 7. What is the units digit of g?
0
Suppose 34 = 2*w + 2*y, -4*w = -2*w - 3*y - 54. What is the units digit of -36*(w/(-6) + 3)?
8
Let a be -6*(2/3)/(-1). Suppose a*g + 30 = 94. What is the units digit of g?
6
Let i(j) = j**3 + 9*j**2 + 9*j + 5. Let x be (-1 + -1)*105/30. What is the units digit of i(x)?
0
Suppose 0 + 10 = 5*s. Let n(p) = 2*p**2 + 0*p - p**3 + p**s + 7 - 4 + p. What is the units digit of n(3)?
6
Let k = -25 + 15. Let u(g) = 2*g**3 + 3 - 2*g**3 - 3*g - 11*g**2 - g**3 - 7*g. What is the units digit of u(k)?
3
Let c(i) = 2*i + 2*i**2 - i**2 - 4 + 3*i. What is the units digit of c(-6)?
2
Let i be 2/5 - 43/(-5). Let p(v) = -v**3 + 4*v**2 + 6*v - 10. Let g be p(4). Suppose -5*c + 11 = 3*d, i + g = 2*c - 5*d. What is the units digit of c?
4
Let q be (0 - 0)/(-2) + 0. Suppose q = -0*t - t + 14. Suppose 43 = 3*r + 5*j, -4*r + j + j + t = 0. What is the units digit of r?
6
Let s be (-4)/(